late the remainder when w is divided by 5.
4
Suppose -5 = w + 2*s - 116, -4*w = -s - 426. Calculate the remainder when w is divided by 27.
26
Let p be -28 + -3 + (-1 - 2). Let u = p + 55. What is the remainder when 33 is divided by u?
12
Suppose -2*s + 3*o - 2*o = -34, -5*s = 5*o - 85. Suppose s*v - 156 = 11*v. What is the remainder when v is divided by 14?
12
Suppose -4*f + 141 = 25. Let l(y) = 8*y - 485. Calculate the remainder when f is divided by l(62).
7
Suppose 4*y = -3*j + 33, -j = -4*y - 24 + 45. Let k = 50 - 29. Calculate the remainder when k is divided by y.
3
Let d(n) = n**2 + 11*n + 26. Let u be d(-6). Calculate the remainder when 39 is divided by (-20)/u - 9/(-3).
7
Suppose 24 = 2*g + 2*g + 4*l, -5*g - 3*l + 32 = 0. Suppose -g*z - 4*z = -143. Calculate the remainder when 75 is divided by z.
10
What is the remainder when 53 is divided by (-10 + 352/40)*-15?
17
Let r(d) = -3*d - 2. Let u(c) = -2*c**3 + 38*c**2 - 33*c - 51. Calculate the remainder when r(-2) is divided by u(18).
1
Suppose -36*i - 3*i = -936. What is the remainder when i is divided by 8?
0
Suppose -37 = -4*x + 27. Suppose 4*q = -0*q. Let n = x - q. Calculate the remainder when 63 is divided by n.
15
Let c = -172 + 194. Suppose -2*j + 5*s = j - 21, 3*s + 9 = 0. Suppose 0*y - 2*y + 121 = -w, j*w = -3*y + 199. What is the remainder when y is divided by c?
19
Suppose -2*w - 3*b = -22, -11 + 35 = 4*w + b. Suppose 0 = -13*h + w*h + 1744. What is the remainder when h is divided by 17?
14
Let c(u) = -u - u + 25 + 6. Calculate the remainder when 24 is divided by c(12).
3
Let o(k) = -235*k + 1. Let q be o(-1). Let s = -162 + q. Suppose 305*i - 301*i = 3*r + 97, -2*i + 51 = r. Calculate the remainder when s is divided by i.
24
Suppose 7*p - 45 = -185. Let r = 23 + p. Let i = 18 - 10. What is the remainder when i is divided by r?
2
Let v(i) = -2*i - 4. Let p be v(-5). Suppose 7*c - 13 = 6*c. What is the remainder when 3/p - 194/(-4) is divided by c?
10
Let n = 7 - 4. Let s(z) = -z**2 + 6*z + 6*z + z - 5*z - 7. What is the remainder when s(n) is divided by 3?
2
Suppose -2*a - 2*f + 1044 = 0, 5*a + f - 3*f = 2631. What is the remainder when a is divided by 24?
21
Let q(c) = -3*c - 9. Let f(r) = r + 1. Let k(i) = 4*f(i) + q(i). Let j be k(4). Calculate the remainder when 22 is divided by 0 - -3 - (-8 + j).
10
Let n be -3*1/(-9)*-3. Let k = 6 - n. Suppose -2*i = 2*d - 32, -2*d - 4*i + 40 = -0*d. Calculate the remainder when d is divided by k.
5
Suppose -53 - 99 = -4*t. Suppose -12 = -o + 4*p + t, -5*o - p = -208. Let l = 16 + -5. Calculate the remainder when o is divided by l.
9
Let u be (170/3)/((-9)/27). Let x = -101 - u. What is the remainder when x is divided by 14?
13
Let a = 52 - 51. What is the remainder when 30 is divided by a - -5 - (-4 - -6)?
2
Let f = 571 - 566. Suppose -5*k = -3*h - 13, 0 = k + 3 - 8. Calculate the remainder when f is divided by h.
1
Suppose 0 = 5*y + 4*x - 512, -y + 5*x + 485 = 4*y. Let p = -39 + 56. Calculate the remainder when y is divided by p.
15
Suppose 0*v + 2*v = -8. Let n be 2384/36 - v/(-18). Suppose -2*j + n = j. Calculate the remainder when j is divided by 13.
9
Suppose -92 = 3*z - 164. Suppose z = 2*j + j. Let k(s) = 2*s**2 + 2*s - 1. What is the remainder when k(-5) is divided by j?
7
Suppose q - 26 = -5*b, q + 19 = -b + 5*b. Suppose 0 = -b*a + 48 - 33. What is the remainder when 10 is divided by a?
1
Suppose -33*g + 29*g + 48 = 0. Suppose 7*y = -g + 194. What is the remainder when y is divided by 14?
12
Suppose -6 = -2*d - 4*y, -39*d + 38*d + 4*y + 9 = 0. Let j = 38 - -6. Suppose 0*t - j = -2*t. What is the remainder when t is divided by d?
2
Let z(t) = -t**2 + 43*t - 135. Calculate the remainder when z(5) is divided by 12.
7
Calculate the remainder when 409 is divided by 212/8 - -2 - 4/8.
17
Let r(x) = -x + 9. Let a be r(-8). Suppose -l = 4*o - a, 0*l - 3*o + 19 = 2*l. What is the remainder when 13 is divided by l?
3
Suppose 0 = 5*d - 4*k - 57, 3*k - 50 + 44 = 0. What is the remainder when 791 is divided by d?
11
Suppose -4 = 10*t - 12*t. Let q be 11 + 1 - (0 + t). Suppose 3*b + 2*y = -2*y + 37, 0 = 5*y + q. Calculate the remainder when 43 is divided by b.
13
Suppose 0 = -2*v - 3 - 7, 5*w + 3*v - 70 = 0. Let i = -13 + w. What is the remainder when 17 is divided by i?
1
Let h be (-7)/((-7)/(-3)) + 7. Suppose -4*i - h = 0, -2*u = -u - i - 17. What is the remainder when 60 is divided by u?
12
Suppose -6*w + 2*w = 0. Suppose w = p + p - 12. Suppose 2*n + 5*m = 50, 2*n - 2*m - 12 = 10. What is the remainder when n is divided by p?
3
Let m(k) = k**2 + 103*k - 526. What is the remainder when 687/5 - (-4)/(-10) is divided by m(5)?
11
Let z(w) = 16*w**2 - 6*w**2 - 11*w**2 - 2*w + 2 - w. Let s be 2*9/6*-1. Calculate the remainder when 4 is divided by z(s).
0
Let h be -1 + 4 - (28/7 + -2). Calculate the remainder when 3*4/(-6) - (-22 - h) is divided by 7.
0
Suppose 258 = 21*w - 120. What is the remainder when 194 is divided by w?
14
Calculate the remainder when 9/((-630)/(-21010)) + 12/14 is divided by 19.
16
Let s = 116 - 111. Suppose -s*v + 96 = -3*t, -v + t + 18 = -0*v. Calculate the remainder when 57 is divided by v.
15
Suppose -3*x + 618 = -3*w, -5*x + 9*x = 2*w + 824. Calculate the remainder when x is divided by 49.
10
Let c = -144 + 249. Let n(d) = -222*d - 1518. Calculate the remainder when c is divided by n(-7).
33
Let k be 2/((-28)/(-20) - 1). Suppose -4*f - k*s + 34 = -f, -5*f + 3*s = -68. Let c(o) = o**2 - 5*o - 6. Calculate the remainder when f is divided by c(7).
5
Let h be 6 - 4 - (0 - 244). Suppose h = -0*f + 2*f. Let a = -1589 + 1620. What is the remainder when f is divided by a?
30
Let r(y) = 4*y**2 - 7*y + 19. What is the remainder when 878 is divided by r(4)?
53
Let i = 86 + -46. Suppose 3*v - i = -v. Suppose 0 = 5*y - 3*a - v, -3*a + 6*a + 8 = 4*y. What is the remainder when 3 is divided by y?
1
Let z be (7 + (-69)/(-12))/((-2)/8). Let c = z - -125. What is the remainder when c is divided by 19?
17
Suppose -5*a - 150 = -3*x - 2, 4*x - 206 = -2*a. What is the remainder when 150 is divided by x?
48
Suppose 2*w = -s + 6, s + 1 + 2 = w. Let k = 8 - w. Suppose -4*h + 65 = 3*z, k*z + 3 = -3*h + 38. What is the remainder when 79 is divided by h?
19
Suppose 201*h - 198*h - 36 = 0. What is the remainder when 45 is divided by h?
9
Suppose 0 = 2*v - 2, -5*r - v - 14 = -0*v. Calculate the remainder when 2 is divided by 3 - r/(-9)*3.
0
Let y be 28 + (-6 + 4 - 0). Let m = y + -6. What is the remainder when m is divided by 6?
2
What is the remainder when (-9694)/(-148) - 2/(-4) is divided by 25?
16
What is the remainder when (426/(-4))/(187/22 + -10) is divided by 12?
11
Let a(z) = 5 + 8*z - 5*z**2 + z + z**3 - 5*z. Calculate the remainder when 18 is divided by a(4).
3
Suppose 5*i = -v + 21, 4*v + i - 6*i = -16. Suppose 3*w - v = -5*b + 74, 2*b - 30 = -4*w. What is the remainder when 41 is divided by b?
11
Suppose -3*g = -5*u + 161, u - 4*g - 13 = 9. Suppose 0 = -4*t - 2*h + u, -t = 5*h - 5 - 8. Calculate the remainder when 23 is divided by t.
7
Suppose -3*i - 1 = 4*f - 33, 2*f - 2 = 2*i. Suppose 4*x - 27 = 3*a, -9*a + 11*a = 2*x - 14. Calculate the remainder when x is divided by f.
1
Suppose 11 - 59 = -3*g. What is the remainder when 254 is divided by g?
14
Let g = -584 - -738. What is the remainder when g is divided by 80?
74
Let q(y) = -y + 102. Suppose 0 = 2*p - 19*p + 459. What is the remainder when q(0) is divided by p?
21
Let k(u) = -u**3 + 12*u**2 - 6*u - 10. Suppose 4*q = -2*n + 718, -3*q + 11*n + 536 = 12*n. What is the remainder when q is divided by k(11)?
42
Let z = -86 + 114. What is the remainder when 77 is divided by z?
21
Calculate the remainder when ((-18)/8)/3 - 5139/(-36) is divided by 18.
16
Let a = 18 + 4. Let z = -11 + a. Calculate the remainder when (-6 - -4) + (2 - -41) + 0 is divided by z.
8
Let j be 5*(0 - 24/15). Let n(x) = -3 - 10*x - 7*x**2 - 12 + 5 + 6*x**2. Calculate the remainder when 22 is divided by n(j).
4
Suppose -122*t + 105*t = -493. Let z(h) = 3*h - 1. Let c be z(-3). Calculate the remainder when t is divided by ((-8)/(-5))/((-2)/c).
5
Let t be -3 + 1 + 0/5. What is the remainder when 2*1 + 2*(-155)/t is divided by 40?
37
Suppose -2 = -2*r, -37 - 40 = -2*d + 5*r. Calculate the remainder when 284 is di